40036
Convert 19a270 (base 13) to base 8.
2366765
What is 130303033 (base 4) in base 7?
1000633
Convert -111b32 (base 16) to base 10.
-1121074
52255313 (base 6) to base 11
946183
What is -bda76 (base 14) in base 3?
-212101102121
What is -25dbcc (base 15) in base 11?
-1032227
Convert -40c7aa7 (base 13) to base 7.
-326111462
What is 3f04 (base 16) in base 14?
5c44
Convert -5a4557 (base 14) to base 7.
-35140040
db6bc (base 14) to base 6
15214010
What is -11322100223 (base 4) in base 14?
-2c48c3
Convert -b699fc (base 16) to base 12.
-40113b8
Convert 1524014 (base 6) to base 16.
15baa
Convert 8a0a0a (base 14) to base 13.
c821bc
Convert 20220020222 (base 3) to base 14.
376aa
What is -1010020221021 (base 3) in base 6?
-20433054
Convert -239a61 (base 11) to base 16.
-5c991
Convert 423244304 (base 5) to base 15.
250da4
What is -100417 (base 13) in base 6?
-11550101
What is -4b091 (base 13) in base 11?
-95096
Convert 1815602 (base 13) to base 3.
112202012022202
Convert -100231423 (base 5) to base 4.
-1201122030
132323111332 (base 4) to base 11
4638225
Convert 5774633 (base 9) to base 12.
1065603
What is -34200001 (base 5) in base 9?
-511726
4237513 (base 9) to base 15
2ec4b0
Convert 1a67b (base 14) to base 9.
112081
What is -1970bb (base 15) in base 2?
-100101110011100010001
Convert -1310bc (base 15) to base 16.
-df572
Convert -1180309 (base 11) to base 13.
-56a1ac
What is -22bd0 (base 14) in base 2?
-10100101010110010
Convert -4c881 (base 14) to base 10.
-188273
What is -3704a0 (base 12) in base 2?
-11011001110110111000
What is 727b91 (base 14) in base 8?
16571063
-13231020110 (base 4) to base 13
-5594ab
31321010222 (base 4) to base 7
42645014
Convert -2344351 (base 7) to base 4.
-1020132232
What is 2466a46 (base 13) in base 4?
223030322132
4d264 (base 15) to base 12
baa87
-10100010000100000101 (base 2) to base 14
-133cb3
Convert 9a7be (base 16) to base 6.
21321250
Convert 2300104004 (base 5) to base 14.
963d46
What is -2b4b2 (base 13) in base 4?
-110002332
Convert 332232312 (base 4) to base 6.
5301330
-11100012300 (base 4) to base 3
-2120221110110
-83e4b6 (base 16) to base 3
-121021011000111
What is 55325635 (base 7) in base 3?
22221222220111
What is 1010510040 (base 6) in base 16?
9ea888
-36013360 (base 7) to base 14
-5cad30
What is -7ba772 (base 12) in base 7?
-22620530
What is 1086558 (base 9) in base 6?
20341425
Convert -7026032 (base 8) to base 4.
-13002300122
What is 7306349 (base 10) in base 4?
123313301231
Convert 10112110011 (base 3) to base 2.
10000111111001111
Convert 3560203 (base 7) to base 10.
451489
10110100101011100010110 (base 2) to base 11
3384204
Convert -10335134 (base 6) to base 14.
-804ca
203221 (base 8) to base 16
10691
Convert 5bcd47 (base 15) to base 2.
10000110001100010111010
-3111201302 (base 4) to base 11
-548120
-2189074 (base 10) to base 4
-20112130102
What is 71cc8 (base 13) in base 14?
54660
What is -74571 (base 12) in base 13?
-54772
220201202011 (base 3) to base 15
99377
What is 20330311232 (base 4) in base 11?
1362936
What is 4240204114 (base 5) in base 7?
135521344
28a8a1 (base 11) to base 9
761221
Convert -110010103102 (base 4) to base 9.
-10807037
Convert 11020111112 (base 3) to base 7.
465233
Convert 100a183 (base 12) to base 7.
34346403
Convert -4969293 (base 11) to base 3.
-121020202012010
-a83382 (base 11) to base 14
-331324
Convert -10221121012 (base 3) to base 16.
-12f8f
Convert -2002550 (base 6) to base 4.
-112330002
Convert -162241230 (base 7) to base 15.
-e6ec5c
-10210100021012 (base 3) to base 7
-23056643
100002002201212 (base 3) to base 4
102121310021
Convert -101312331 (base 4) to base 9.
-121306
-144134 (base 14) to base 8
-2534362
133143440 (base 5) to base 8
2454153
What is -2285e (base 16) in base 14?
-39766
Convert -1925c (base 15) to base 6.
-1425253
Convert -1001010111110011011 (base 2) to base 14.
-7dcb9
-1034134444 (base 6) to base 13
-23c3008
Convert 33b211 (base 13) to base 12.
4b0469
Convert 188791 (base 15) to base 16.
12347e
-37f43 (base 16) to base 2
-110111111101000011
-328856 (base 9) to base 4
-300003000
Convert 1b0a0 (base 12) to base 6.
504320
Convert -20230351 (base 7) to base 14.
-31d298
What is 44605452 (base 7) in base 6?
214521210
-8cc8d (base 16) to base 7
-4621130
Convert -165749 (base 10) to base 6.
-3315205
-3123021 (base 6) to base 7
-1166140
What is -49198 (base 10) in base 11?
-33a66
What is 1c6a8a4 (base 13) in base 2?
100100001001110000011011
What is -1100101000011101111111 (base 2) in base 15?
-4562ac
-4121432203 (base 5) to base 15
-b0ac6d
111001100001111101 (base 2) to base 4
321201331
-8a8aa3 (base 11) to base 16
-161385
What is 46155606 (base 7) in base 9?
7523310
What is c7657 (base 16) in base 9?
1474304
Convert -37924 (base 16) to base 10.
-227620
What is -301573 (base 8) in base 4?
-120031323
What is -6273132 (base 8) in base 2?
-110010111011001011010
161456 (base 10) to base 4
213122300
203111244 (base 5) to base 16
cb24a
What is 10110001001001111110 (base 2) in base 13?
1c5389
-75dd30 (base 16) to base 5
-3434134321
-1101011100001110 (base 2) to base 5
-3230204
120103111 (base 4) to base 8
302325
What is 2895e5 (base 15) in base 8?
7353211
-221000101110 (base 3) to base 11
-306a08
What is -20736 (base 15) in base 13?
-37a97
What is -1460451 (base 7) in base 5?
-22341030
-120806 (base 10) to base 3
-20010201022
Convert -64427 (base 9) to base 6.
-525211
Convert 222442 (base 8) to base 14.
1d4c2
Convert 5957b0 (base 14) to base 8.
13505176
Convert -17a5654 (base 13) to base 9.
-15471628
Convert 3420131223 (base 5) to base 11.
430a501
Convert -18b570 (base 14) to base 9.
-1575183
What is 3400004 (base 5) in base 16?
e7f3
What is -20111100201202 (base 3) in base 11?
-1a48286
15d23 (base 15) to base 11
48a33
2021a9 (base 11) to base 7
2522351
Convert 50311010 (base 6) to base 12.
588466
Convert 42015134 (base 7) to base 15.
49c025
What is 3800c7 (base 16) in base 6?
210355423
What is -2670062 (base 8) in base 4?
-2313000302
551ab (base 13) to base 12
75218
-16012042 (base 9) to base 12
-2809a48
1762630 (base 12) to base 8
22415404
8478031 (base 9) to base 5
2130231021
-10000200 (base 5) to base 7
-443626
-1013522 (base 7) to base 3
-20011110002
6440617 (base 8) to base 4
12210012033
Convert -98546 (base 10) to base 9.
-160155
What is -122023203 (base 4) in base 8?
-321343
What is -4503410 (base 6) in base 14?
-5c686
Convert -1122435 (base 6) to base 9.
-87035
What is -90c13 (base 13) in base 10?
-259093
Convert -11102001202022 (base 3) to base 5.
-1044443204
Convert 3c45a (base 15) to base 10.
193360
3d6f4 (base 16) to base 6
5220552
Convert -3333303001 (base 4) to base 2.
-11111111110011000001
What is -32b49b (base 14) in base 2?
-110100100010001000001
What is -2336165 (base 8) in base 6?
-21402005
-64b8a (base 12) to base 11
-90a36
What is d063d (base 15) in base 3?
1020111201011
Convert -21003314 (base 5) to base 15.
-360de
Convert 508434 (base 16) to base 8.
24102064
-33203321231 (base 4) to base 2
-1111100011111001101101
76290 (base 11) to base 4
123003132
-835c11 (base 15) to base 16
-5f5042
-31530011 (base 7) to base 13
-72a823
cba9e (base 16) to base 3
1120101022112
What is 19eefb (base 16) in base 15?
2388a4
Convert 2220330 (base 4) to base 15.
330c
17509 (base 11) to base 14
8d52
-1230020112 (base 4) to base 2
-1101100001000010110
-53641 (base 10) to base 2
-1101000110001001
209ba (base 13) to base 12
2a038
What is -1ef56d (base 16) in base 14?
-3ab581
-1227531 (base 13) to base 10
-5642781
What is 422442423 (base 5) in base 14?
33d4d5
What is 21b29d1 (base 14) in base 4?
331020310123
Convert -242146 (base 16) to base 6.
-122430034
What is 365352 (base 10) in base 15?
733bc
Convert 1367650 (base 12) to base 3.
21021121112020
What is 4015287 (base 10) in base 6?
222021143
Convert 31ca64 (base 13) to base 16.
11dc90
11534054 (base 6) to base 7
3101320
-162648 (base 9) to base 2
-11000100000110011
What is 16134343 (base 8) in base 9?
6885215
What is 13614337 (base 9) in base 3?
110200111101021
Convert -29b6c (base 16) to base 14.
-463a4
Convert -110110000111111110 (base 2) to base 7.
-1612224
-211211202100 (base 3) to base 2
-1101101110001001101
-554a9 (base 14) to base 6
-4233033
212222233 (base 4) to base 3
22001021001
Convert 3ec (base 16) to base 